2.
21
Calculate the remainder when 3592 is divided by 180.
172
What is the remainder when 84 is divided by 31?
22
Calculate the remainder when 3469 is divided by 11.
4
Calculate the remainder when 146 is divided by 63.
20
What is the remainder when 1141 is divided by 126?
7
What is the remainder when 734 is divided by 32?
30
Calculate the remainder when 91 is divided by 26.
13
Calculate the remainder when 732 is divided by 23.
19
What is the remainder when 206 is divided by 19?
16
Calculate the remainder when 1521 is divided by 11.
3
Calculate the remainder when 72 is divided by 19.
15
Calculate the remainder when 117 is divided by 9.
0
What is the remainder when 118 is divided by 15?
13
What is the remainder when 465 is divided by 130?
75
What is the remainder when 647 is divided by 13?
10
Calculate the remainder when 29 is divided by 22.
7
What is the remainder when 32 is divided by 4?
0
Calculate the remainder when 4774 is divided by 266.
252
What is the remainder when 28265 is divided by 37?
34
Calculate the remainder when 150 is divided by 51.
48
What is the remainder when 341 is divided by 33?
11
What is the remainder when 808 is divided by 89?
7
What is the remainder when 1138 is divided by 69?
34
What is the remainder when 2462 is divided by 88?
86
Calculate the remainder when 340 is divided by 71.
56
What is the remainder when 66 is divided by 33?
0
Calculate the remainder when 352 is divided by 30.
22
What is the remainder when 27782 is divided by 81?
80
What is the remainder when 381 is divided by 81?
57
What is the remainder when 914 is divided by 51?
47
Calculate the remainder when 695 is divided by 123.
80
Calculate the remainder when 124 is divided by 30.
4
Calculate the remainder when 151 is divided by 31.
27
What is the remainder when 5928 is divided by 106?
98
Calculate the remainder when 374 is divided by 40.
14
What is the remainder when 52 is divided by 7?
3
Calculate the remainder when 1781 is divided by 18.
17
Calculate the remainder when 82 is divided by 14.
12
What is the remainder when 462 is divided by 37?
18
Calculate the remainder when 68 is divided by 32.
4
Calculate the remainder when 5400 is divided by 74.
72
Calculate the remainder when 332 is divided by 84.
80
Calculate the remainder when 682 is divided by 90.
52
Calculate the remainder when 75 is divided by 21.
12
Calculate the remainder when 133 is divided by 47.
39
Calculate the remainder when 5735 is divided by 273.
2
Calculate the remainder when 1339 is divided by 31.
6
What is the remainder when 779 is divided by 14?
9
What is the remainder when 132 is divided by 44?
0
Calculate the remainder when 674 is divided by 15.
14
What is the remainder when 249 is divided by 81?
6
Calculate the remainder when 389 is divided by 66.
59
Calculate the remainder when 878 is divided by 96.
14
What is the remainder when 719 is divided by 716?
3
What is the remainder when 332 is divided by 34?
26
What is the remainder when 172 is divided by 52?
16
Calculate the remainder when 1001 is divided by 251.
248
Calculate the remainder when 625 is divided by 46.
27
Calculate the remainder when 86 is divided by 15.
11
Calculate the remainder when 1844 is divided by 369.
368
What is the remainder when 816 is divided by 21?
18
What is the remainder when 1743 is divided by 17?
9
Calculate the remainder when 614 is divided by 151.
10
Calculate the remainder when 672 is divided by 159.
36
What is the remainder when 29 is divided by 12?
5
Calculate the remainder when 235 is divided by 23.
5
What is the remainder when 63 is divided by 45?
18
Calculate the remainder when 318 is divided by 48.
30
What is the remainder when 443 is divided by 8?
3
What is the remainder when 147 is divided by 16?
3
Calculate the remainder when 268 is divided by 73.
49
What is the remainder when 613 is divided by 59?
23
What is the remainder when 46 is divided by 7?
4
Calculate the remainder when 6639 is divided by 83.
82
What is the remainder when 89 is divided by 10?
9
Calculate the remainder when 115 is divided by 62.
53
What is the remainder when 110 is divided by 42?
26
Calculate the remainder when 1051 is divided by 31.
28
Calculate the remainder when 329 is divided by 15.
14
Calculate the remainder when 1764 is divided by 440.
4
What is the remainder when 99 is divided by 34?
31
Calculate the remainder when 302 is divided by 32.
14
Calculate the remainder when 669 is divided by 61.
59
What is the remainder when 1292 is divided by 131?
113
What is the remainder when 291 is divided by 66?
27
Calculate the remainder when 754 is divided by 147.
19
What is the remainder when 8986 is divided by 281?
275
What is the remainder when 16959 is divided by 32?
31
Calculate the remainder when 2994 is divided by 18.
6
Calculate the remainder when 172 is divided by 159.
13
What is the remainder when 221 is divided by 42?
11
Calculate the remainder when 626 is divided by 11.
10
What is the remainder when 2959 is divided by 12?
7
What is the remainder when 1018 is divided by 33?
28
Calculate the remainder when 1805 is divided by 21.
20
Calculate the remainder when 270 is divided by 155.
115
Calculate the remainder when 77 is divided by 28.
21
What is the remainder when 196 is divided by 22?
20
What is the remainder when 255 is divided by 136?
119
What is the remainder when 3759 is divided by 198?
195
What is the remainder when 381 is divided by 129?
123
Calculate the remainder when 503 is divided by 22.
19
Calculate the remainder when 411 is divided by 59.
57
What is the remainder when 5072 is divided by 118?
116
Calculate the remainder when 742 is divided by 201.
139
What is the remainder when 785 is divided by 391?
3
Calculate the remainder when 772 is divided by 43.
41
What is the remainder when 9007 is divided by 291?
277
What is the remainder when 2814 is divided by 187?
9
What is the remainder when 59 is divided by 7?
3
Calculate the remainder when 82 is divided by 44.
38
Calculate the remainder when 228 is divided by 57.
0
Calculate the remainder when 190 is divided by 44.
14
Calculate the remainder when 117 is divided by 40.
37
Calculate the remainder when 5869 is divided by 978.
1
Calculate the remainder when 5978 is divided by 46.
44
What is the remainder when 90 is divided by 52?
38
Calculate the remainder when 269 is divided by 55.
49
What is the remainder when 218 is divided by 69?
11
Calculate the remainder when 121 is divided by 25.
21
What is the remainder when 2604 is divided by 18?
12
What is the remainder when 323 is divided by 298?
25
Calculate the remainder when 239 is divided by 35.
29
Calculate the remainder when 132 is divided by 73.
59
Calculate the remainder when 577 is divided by 45.
37
What is the remainder when 388 is divided by 39?
37
Calculate the remainder when 70 is divided by 8.
6
What is the remainder when 141 is divided by 24?
21
Calculate the remainder when 2239 is divided by 56.
55
What is the remainder when 594 is divided by 184?
42
What is the remainder when 201 is divided by 51?
48
What is the remainder when 48 is divided by 19?
10
Calculate the remainder when 405 is divided by 152.
101
Calculate the remainder when 266 is divided by 70.
56
Calculate the remainder when 5866 is divided by 25.
16
Calculate the remainder when 59 is divided by 50.
9
Calculate the remainder when 85 is divided by 29.
27
What is the remainder when 1285 is divided by 185?
175
Calculate the remainder when 116 is divided by 55.
6
What is the remainder when 507 is divided by 22?
1
Calculate the remainder when 151 is divided by 12.
7
What is the remainder when 2701 is divided by 669?
25
Calculate the remainder when 427 is divided by 144.
139
Calculate the remainder when 17 is divided by 12.
5
What is the remainder when 479 is divided by 42?
17
Calculate the remainder when 393 is divided by 118.
39
Calculate the remainder when 237 is divided by 30.
27
Calculate the remainder when 773 is divided by 93.
29
What is the remainder when 3165 is divided by 32?
29
Calculate the remainder when 113 is divided by 102.
11
Calculate the remainder when 780 is divided by 265.
250
What is the remainder when 882 is divided by 10?
2
What is the remainder when 1764 is divided by 104?
100
What is the remainder when 136 is div